{"id":1485,"date":"2018-06-05T14:10:34","date_gmt":"2018-06-05T12:10:34","guid":{"rendered":"https:\/\/www.iutcolmar.uha.fr\/?page_id=1485"},"modified":"2024-12-18T10:35:46","modified_gmt":"2024-12-18T09:35:46","slug":"formations-transfrontalieres-et-a-linternational","status":"publish","type":"page","link":"https:\/\/www.iutcolmar.uha.fr\/index.php\/international\/formations-transfrontalieres-et-a-linternational\/","title":{"rendered":"Formations transfrontali\u00e8res et \u00e0 l&rsquo;international"},"content":{"rendered":"<h1><span style=\"color: #333333;\">Formations transfrontali\u00e8res et \u00e0 l&rsquo;international<\/span><\/h1>\n<p><img loading=\"lazy\" decoding=\"async\" class=\"alignnone wp-image-742\" src=\"https:\/\/www.iutcolmar.uha.fr\/wp-content\/uploads\/2018\/04\/CJ-LP-CASF-1900x525-300x83.png\" alt=\"International\" width=\"1381\" height=\"382\" srcset=\"https:\/\/www.iutcolmar.uha.fr\/wp-content\/uploads\/2018\/04\/CJ-LP-CASF-1900x525-300x83.png 300w, https:\/\/www.iutcolmar.uha.fr\/wp-content\/uploads\/2018\/04\/CJ-LP-CASF-1900x525-768x212.png 768w, https:\/\/www.iutcolmar.uha.fr\/wp-content\/uploads\/2018\/04\/CJ-LP-CASF-1900x525-1024x283.png 1024w, https:\/\/www.iutcolmar.uha.fr\/wp-content\/uploads\/2018\/04\/CJ-LP-CASF-1900x525.png 1900w\" sizes=\"auto, (max-width: 1381px) 100vw, 1381px\" \/><br \/>\n<div class=\"su-row\">\n<div class=\"su-column su-column-size-1-2\"><div class=\"su-column-inner su-u-clearfix su-u-trim\">\n<h2>Formations transfrontali\u00e8res<\/h2>\n<p>L&rsquo;IUT de Colmar propose des formations bi et tri nationales.<br \/>\n2 formations :<\/p>\n<ul>\n<li><a href=\"https:\/\/www.iutcolmar.uha.fr\/index.php\/formations\/diplomes\/bachelor-universitaire-de-technologie-b-u-t-bac-3\/b-u-t-reseaux-et-telecommunications\/\">Formation Trinationale &#8211; Information Communication Systems \/ R\u00e9seaux et T\u00e9l\u00e9communications<\/a><\/li>\n<li><a href=\"https:\/\/www.iutcolmar.uha.fr\/index.php\/formations\/formations-transfrontalieres\/international-business-management\/\">Formation Trinationale \u2013 International Business Management<\/a><\/li>\n<\/ul>\n<\/div><\/div>\n<div class=\"su-column su-column-size-1-2\"><div class=\"su-column-inner su-u-clearfix su-u-trim\">\n<h2>Formations internationales<\/h2>\n<p>L&rsquo;IUT, c&rsquo;est aussi des formations d\u00e9localis\u00e9es \u00e0 l&rsquo;\u00e9tranger.<br \/>\n1 formation \u00e0 Douala au Cameroun :<\/p>\n<ul>\n<li><a href=\"https:\/\/www.iutcolmar.uha.fr\/index.php\/lp-metiers-des-reseaux-informatiques-et-telecommunications-parcours-administration-des-reseaux-multimedia-cameroun\/\" rel=\"noopener\">LP M\u00e9tiers des r\u00e9seaux informatiques et t\u00e9l\u00e9communications \u2013 Parcours Administration des r\u00e9seaux multim\u00e9dia \u2013 CAMEROUN<\/a><\/li>\n<\/ul>\n<\/div><\/div>\n<\/div>\n","protected":false},"excerpt":{"rendered":"<p>Formations transfrontali\u00e8res et \u00e0 l&rsquo;international<\/p>\n","protected":false},"author":1,"featured_media":0,"parent":661,"menu_order":3,"comment_status":"closed","ping_status":"closed","template":"","meta":{"footnotes":""},"class_list":["post-1485","page","type-page","status-publish","hentry"],"yoast_head":"<!-- This site is optimized with the Yoast SEO plugin v27.1.1 - https:\/\/yoast.com\/product\/yoast-seo-wordpress\/ -->\n<title>Formations transfrontali\u00e8res et \u00e0 l&#039;international - IUT de Colmar<\/title>\n<meta name=\"description\" content=\"L&#039;IUT est un institut ouvert \u00e0 l&#039;international gr\u00e2ce \u00e0 ses formations transfrontali\u00e8res et \u00e0 l&#039;international &#039;d\u00e9localis\u00e9es \u00e0 l&#039;\u00e9tranger).\" \/>\n<meta name=\"robots\" content=\"index, follow, max-snippet:-1, max-image-preview:large, max-video-preview:-1\" \/>\n<link rel=\"canonical\" href=\"https:\/\/www.iutcolmar.uha.fr\/index.php\/international\/formations-transfrontalieres-et-a-linternational\/\" \/>\n<meta property=\"og:locale\" content=\"fr_FR\" \/>\n<meta property=\"og:type\" content=\"article\" \/>\n<meta property=\"og:title\" content=\"Formations transfrontali\u00e8res et \u00e0 l&#039;international - IUT de Colmar\" \/>\n<meta property=\"og:description\" content=\"L&#039;IUT est un institut ouvert \u00e0 l&#039;international gr\u00e2ce \u00e0 ses formations transfrontali\u00e8res et \u00e0 l&#039;international &#039;d\u00e9localis\u00e9es \u00e0 l&#039;\u00e9tranger).\" \/>\n<meta property=\"og:url\" content=\"https:\/\/www.iutcolmar.uha.fr\/index.php\/international\/formations-transfrontalieres-et-a-linternational\/\" \/>\n<meta property=\"og:site_name\" content=\"IUT de Colmar\" \/>\n<meta property=\"article:modified_time\" content=\"2024-12-18T09:35:46+00:00\" \/>\n<meta property=\"og:image\" content=\"https:\/\/www.iutcolmar.uha.fr\/wp-content\/uploads\/2018\/04\/CJ-LP-CASF-1900x525.png\" \/>\n\t<meta property=\"og:image:width\" content=\"1900\" \/>\n\t<meta property=\"og:image:height\" content=\"525\" \/>\n\t<meta property=\"og:image:type\" content=\"image\/png\" \/>\n<meta name=\"twitter:card\" content=\"summary_large_image\" \/>\n<meta name=\"twitter:label1\" content=\"Dur\u00e9e de lecture estim\u00e9e\" \/>\n\t<meta name=\"twitter:data1\" content=\"1 minute\" \/>\n<script type=\"application\/ld+json\" class=\"yoast-schema-graph\">{\"@context\":\"https:\/\/schema.org\",\"@graph\":[{\"@type\":\"WebPage\",\"@id\":\"https:\/\/www.iutcolmar.uha.fr\/index.php\/international\/formations-transfrontalieres-et-a-linternational\/\",\"url\":\"https:\/\/www.iutcolmar.uha.fr\/index.php\/international\/formations-transfrontalieres-et-a-linternational\/\",\"name\":\"Formations transfrontali\u00e8res et \u00e0 l'international - IUT de Colmar\",\"isPartOf\":{\"@id\":\"https:\/\/www.iutcolmar.uha.fr\/#website\"},\"primaryImageOfPage\":{\"@id\":\"https:\/\/www.iutcolmar.uha.fr\/index.php\/international\/formations-transfrontalieres-et-a-linternational\/#primaryimage\"},\"image\":{\"@id\":\"https:\/\/www.iutcolmar.uha.fr\/index.php\/international\/formations-transfrontalieres-et-a-linternational\/#primaryimage\"},\"thumbnailUrl\":\"https:\/\/www.iutcolmar.uha.fr\/wp-content\/uploads\/2018\/04\/CJ-LP-CASF-1900x525-300x83.png\",\"datePublished\":\"2018-06-05T12:10:34+00:00\",\"dateModified\":\"2024-12-18T09:35:46+00:00\",\"description\":\"L'IUT est un institut ouvert \u00e0 l'international gr\u00e2ce \u00e0 ses formations transfrontali\u00e8res et \u00e0 l'international 'd\u00e9localis\u00e9es \u00e0 l'\u00e9tranger).\",\"breadcrumb\":{\"@id\":\"https:\/\/www.iutcolmar.uha.fr\/index.php\/international\/formations-transfrontalieres-et-a-linternational\/#breadcrumb\"},\"inLanguage\":\"fr-FR\",\"potentialAction\":[{\"@type\":\"ReadAction\",\"target\":[\"https:\/\/www.iutcolmar.uha.fr\/index.php\/international\/formations-transfrontalieres-et-a-linternational\/\"]}]},{\"@type\":\"ImageObject\",\"inLanguage\":\"fr-FR\",\"@id\":\"https:\/\/www.iutcolmar.uha.fr\/index.php\/international\/formations-transfrontalieres-et-a-linternational\/#primaryimage\",\"url\":\"https:\/\/www.iutcolmar.uha.fr\/wp-content\/uploads\/2018\/04\/CJ-LP-CASF-1900x525-300x83.png\",\"contentUrl\":\"https:\/\/www.iutcolmar.uha.fr\/wp-content\/uploads\/2018\/04\/CJ-LP-CASF-1900x525-300x83.png\"},{\"@type\":\"BreadcrumbList\",\"@id\":\"https:\/\/www.iutcolmar.uha.fr\/index.php\/international\/formations-transfrontalieres-et-a-linternational\/#breadcrumb\",\"itemListElement\":[{\"@type\":\"ListItem\",\"position\":1,\"name\":\"Accueil\",\"item\":\"https:\/\/www.iutcolmar.uha.fr\/\"},{\"@type\":\"ListItem\",\"position\":2,\"name\":\"International\",\"item\":\"https:\/\/www.iutcolmar.uha.fr\/index.php\/international\/\"},{\"@type\":\"ListItem\",\"position\":3,\"name\":\"Formations transfrontali\u00e8res et \u00e0 l&rsquo;international\"}]},{\"@type\":\"WebSite\",\"@id\":\"https:\/\/www.iutcolmar.uha.fr\/#website\",\"url\":\"https:\/\/www.iutcolmar.uha.fr\/\",\"name\":\"IUT de Colmar\",\"description\":\"Universit\u00e9 de Haute-Alsace\",\"potentialAction\":[{\"@type\":\"SearchAction\",\"target\":{\"@type\":\"EntryPoint\",\"urlTemplate\":\"https:\/\/www.iutcolmar.uha.fr\/?s={search_term_string}\"},\"query-input\":{\"@type\":\"PropertyValueSpecification\",\"valueRequired\":true,\"valueName\":\"search_term_string\"}}],\"inLanguage\":\"fr-FR\"}]}<\/script>\n<!-- \/ Yoast SEO plugin. -->","yoast_head_json":{"title":"Formations transfrontali\u00e8res et \u00e0 l'international - IUT de Colmar","description":"L'IUT est un institut ouvert \u00e0 l'international gr\u00e2ce \u00e0 ses formations transfrontali\u00e8res et \u00e0 l'international 'd\u00e9localis\u00e9es \u00e0 l'\u00e9tranger).","robots":{"index":"index","follow":"follow","max-snippet":"max-snippet:-1","max-image-preview":"max-image-preview:large","max-video-preview":"max-video-preview:-1"},"canonical":"https:\/\/www.iutcolmar.uha.fr\/index.php\/international\/formations-transfrontalieres-et-a-linternational\/","og_locale":"fr_FR","og_type":"article","og_title":"Formations transfrontali\u00e8res et \u00e0 l'international - IUT de Colmar","og_description":"L'IUT est un institut ouvert \u00e0 l'international gr\u00e2ce \u00e0 ses formations transfrontali\u00e8res et \u00e0 l'international 'd\u00e9localis\u00e9es \u00e0 l'\u00e9tranger).","og_url":"https:\/\/www.iutcolmar.uha.fr\/index.php\/international\/formations-transfrontalieres-et-a-linternational\/","og_site_name":"IUT de Colmar","article_modified_time":"2024-12-18T09:35:46+00:00","og_image":[{"width":1900,"height":525,"url":"https:\/\/www.iutcolmar.uha.fr\/wp-content\/uploads\/2018\/04\/CJ-LP-CASF-1900x525.png","type":"image\/png"}],"twitter_card":"summary_large_image","twitter_misc":{"Dur\u00e9e de lecture estim\u00e9e":"1 minute"},"schema":{"@context":"https:\/\/schema.org","@graph":[{"@type":"WebPage","@id":"https:\/\/www.iutcolmar.uha.fr\/index.php\/international\/formations-transfrontalieres-et-a-linternational\/","url":"https:\/\/www.iutcolmar.uha.fr\/index.php\/international\/formations-transfrontalieres-et-a-linternational\/","name":"Formations transfrontali\u00e8res et \u00e0 l'international - IUT de Colmar","isPartOf":{"@id":"https:\/\/www.iutcolmar.uha.fr\/#website"},"primaryImageOfPage":{"@id":"https:\/\/www.iutcolmar.uha.fr\/index.php\/international\/formations-transfrontalieres-et-a-linternational\/#primaryimage"},"image":{"@id":"https:\/\/www.iutcolmar.uha.fr\/index.php\/international\/formations-transfrontalieres-et-a-linternational\/#primaryimage"},"thumbnailUrl":"https:\/\/www.iutcolmar.uha.fr\/wp-content\/uploads\/2018\/04\/CJ-LP-CASF-1900x525-300x83.png","datePublished":"2018-06-05T12:10:34+00:00","dateModified":"2024-12-18T09:35:46+00:00","description":"L'IUT est un institut ouvert \u00e0 l'international gr\u00e2ce \u00e0 ses formations transfrontali\u00e8res et \u00e0 l'international 'd\u00e9localis\u00e9es \u00e0 l'\u00e9tranger).","breadcrumb":{"@id":"https:\/\/www.iutcolmar.uha.fr\/index.php\/international\/formations-transfrontalieres-et-a-linternational\/#breadcrumb"},"inLanguage":"fr-FR","potentialAction":[{"@type":"ReadAction","target":["https:\/\/www.iutcolmar.uha.fr\/index.php\/international\/formations-transfrontalieres-et-a-linternational\/"]}]},{"@type":"ImageObject","inLanguage":"fr-FR","@id":"https:\/\/www.iutcolmar.uha.fr\/index.php\/international\/formations-transfrontalieres-et-a-linternational\/#primaryimage","url":"https:\/\/www.iutcolmar.uha.fr\/wp-content\/uploads\/2018\/04\/CJ-LP-CASF-1900x525-300x83.png","contentUrl":"https:\/\/www.iutcolmar.uha.fr\/wp-content\/uploads\/2018\/04\/CJ-LP-CASF-1900x525-300x83.png"},{"@type":"BreadcrumbList","@id":"https:\/\/www.iutcolmar.uha.fr\/index.php\/international\/formations-transfrontalieres-et-a-linternational\/#breadcrumb","itemListElement":[{"@type":"ListItem","position":1,"name":"Accueil","item":"https:\/\/www.iutcolmar.uha.fr\/"},{"@type":"ListItem","position":2,"name":"International","item":"https:\/\/www.iutcolmar.uha.fr\/index.php\/international\/"},{"@type":"ListItem","position":3,"name":"Formations transfrontali\u00e8res et \u00e0 l&rsquo;international"}]},{"@type":"WebSite","@id":"https:\/\/www.iutcolmar.uha.fr\/#website","url":"https:\/\/www.iutcolmar.uha.fr\/","name":"IUT de Colmar","description":"Universit\u00e9 de Haute-Alsace","potentialAction":[{"@type":"SearchAction","target":{"@type":"EntryPoint","urlTemplate":"https:\/\/www.iutcolmar.uha.fr\/?s={search_term_string}"},"query-input":{"@type":"PropertyValueSpecification","valueRequired":true,"valueName":"search_term_string"}}],"inLanguage":"fr-FR"}]}},"_links":{"self":[{"href":"https:\/\/www.iutcolmar.uha.fr\/index.php\/wp-json\/wp\/v2\/pages\/1485","targetHints":{"allow":["GET"]}}],"collection":[{"href":"https:\/\/www.iutcolmar.uha.fr\/index.php\/wp-json\/wp\/v2\/pages"}],"about":[{"href":"https:\/\/www.iutcolmar.uha.fr\/index.php\/wp-json\/wp\/v2\/types\/page"}],"author":[{"embeddable":true,"href":"https:\/\/www.iutcolmar.uha.fr\/index.php\/wp-json\/wp\/v2\/users\/1"}],"replies":[{"embeddable":true,"href":"https:\/\/www.iutcolmar.uha.fr\/index.php\/wp-json\/wp\/v2\/comments?post=1485"}],"version-history":[{"count":34,"href":"https:\/\/www.iutcolmar.uha.fr\/index.php\/wp-json\/wp\/v2\/pages\/1485\/revisions"}],"predecessor-version":[{"id":6929,"href":"https:\/\/www.iutcolmar.uha.fr\/index.php\/wp-json\/wp\/v2\/pages\/1485\/revisions\/6929"}],"up":[{"embeddable":true,"href":"https:\/\/www.iutcolmar.uha.fr\/index.php\/wp-json\/wp\/v2\/pages\/661"}],"wp:attachment":[{"href":"https:\/\/www.iutcolmar.uha.fr\/index.php\/wp-json\/wp\/v2\/media?parent=1485"}],"curies":[{"name":"wp","href":"https:\/\/api.w.org\/{rel}","templated":true}]}}