{"id":57,"date":"2018-04-05T08:28:40","date_gmt":"2018-04-05T06:28:40","guid":{"rendered":"https:\/\/www.iutcolmar.uha.fr\/?page_id=57"},"modified":"2021-12-15T15:38:16","modified_gmt":"2021-12-15T14:38:16","slug":"developpement-durable","status":"publish","type":"page","link":"https:\/\/www.iutcolmar.uha.fr\/index.php\/iut-de-colmar\/developpement-durable\/","title":{"rendered":"D\u00e9veloppement Durable"},"content":{"rendered":"<h1><span style=\"color: #333333;\">D\u00e9veloppement Durable<\/span><\/h1>\n<p><img loading=\"lazy\" decoding=\"async\" class=\" wp-image-1782 alignleft\" src=\"https:\/\/www.iutcolmar.uha.fr\/wp-content\/uploads\/2018\/04\/DSC_2517_resize-300x83.png\" alt=\"Etudiants GTE\" width=\"1189\" height=\"329\" srcset=\"https:\/\/www.iutcolmar.uha.fr\/wp-content\/uploads\/2018\/04\/DSC_2517_resize-300x83.png 300w, https:\/\/www.iutcolmar.uha.fr\/wp-content\/uploads\/2018\/04\/DSC_2517_resize-768x212.png 768w, https:\/\/www.iutcolmar.uha.fr\/wp-content\/uploads\/2018\/04\/DSC_2517_resize-1024x283.png 1024w, https:\/\/www.iutcolmar.uha.fr\/wp-content\/uploads\/2018\/04\/DSC_2517_resize.png 1900w\" sizes=\"auto, (max-width: 1189px) 100vw, 1189px\" \/><\/p>\n<p>&nbsp;<\/p>\n<p>L&rsquo;IUT de Colmar participe \u00e0 la d\u00e9marche de<a href=\"https:\/\/www.uha.fr\/fr\/uha-1\/developpement-durable-responsabilite-societale.html\" target=\"_blank\" rel=\"noopener\"> d\u00e9veloppement durable de l&rsquo;Universit\u00e9 de Haute-Alsace.<\/a><\/p>\n<p>Consciente du r\u00f4le et des responsabilit\u00e9s qui sont les siennes face au enjeux de d\u00e9veloppement durable, l&rsquo;UHA a pris des initiatives.<\/p>\n<p>Deux projets ont \u00e9t\u00e9 mis en place sur l&rsquo;ensemble des campus, dont ceux de Colmar : la certification ISO 50001 de ma\u00eetrise de l&rsquo;\u00e9nergie et une d\u00e9marche \u00e9co-campus.<\/p>\n<p>L&rsquo;objectif est de sensibiliser l&rsquo;ensemble des personnels et \u00e9tudiants \u00e0 la n\u00e9cessit\u00e9 de prendre en compte le changement climatique dans notamment la pr\u00e9servation des ressources.<\/p>\n<p>\u00c0 l&rsquo;IUT de Colmar, la formation G\u00e9nie Thermique et \u00c9nergie s&rsquo;inscrit dans cette d\u00e9marche.<\/p>\n<h1>\u00c9tat des lieux \u00e9nerg\u00e9tique des b\u00e2timents des campus colmariens<\/h1>\n<p>Dans le cadre d&rsquo;un projet tuteur\u00e9, les \u00e9tudiants du <a href=\"https:\/\/www.iutcolmar.uha.fr\/index.php\/formations\/diplomes\/bachelor-universitaire-de-technologie-b-u-t-bac-3\/b-u-t-metiers-de-la-transition-et-de-lefficacite-energetiques\/\" target=\"_blank\" rel=\"noopener\">B.U.T. M\u00e9tiers de la Transition et de l&rsquo;Efficacit\u00e9 \u00c9nerg\u00e9tiques<\/a> ont eu pour mission de r\u00e9aliser une \u00e9tude sur l&rsquo;am\u00e9lioration de la gestion \u00e9nerg\u00e9tique. Ce projet, d\u00e9but\u00e9 en septembre 2015 par les 24 \u00e9tudiants de la promotion, s&rsquo;est r\u00e9alis\u00e9 sur quatre semestres.<\/p>\n<p>Les missions allaient au-del\u00e0 d&rsquo;un audit \u00e9nerg\u00e9tique : bilan carbone, \u00e9tude des moyens de production de chaleur et de climatisation, plan de comptage des fluides, \u00e9tudes des factures.<\/p>\n<p>Le projet s&rsquo;inscrivait \u00e9galement dans une \u00e9tude de faisabilit\u00e9 locale de production de sa propre \u00e9nergie renouvelable. La communication et la sensibilisation des usagers compl\u00e9taient le projet.<\/p>\n<p>Cet exercice a mis les \u00e9tudiants en situation. Il leur a permis d&rsquo;avoir une v\u00e9ritable exp\u00e9rience dans le domaine, gage de r\u00e9ussite et d&rsquo;insertion professionnelle.<\/p>\n<div class=\"su-custom-gallery su-custom-gallery-align-left su-custom-gallery-title-never center su-lightbox-gallery\"><div class=\"su-custom-gallery-slide\" style=\"width:250px;height:250px\"><a href=\"https:\/\/www.iutcolmar.uha.fr\/wp-content\/uploads\/2018\/10\/P1000158.jpg\" title=\"B\u00e2timent H\"><img loading=\"lazy\" decoding=\"async\" src=\"https:\/\/www.iutcolmar.uha.fr\/wp-content\/uploads\/2018\/10\/P1000158-250x250.jpg\" alt=\"B\u00e2timent H\" width=\"250\" height=\"250\" \/><span class=\"su-custom-gallery-title\">B\u00e2timent H<\/span><\/a><\/div><div class=\"su-custom-gallery-slide\" style=\"width:250px;height:250px\"><a href=\"https:\/\/www.iutcolmar.uha.fr\/wp-content\/uploads\/2018\/10\/DSC00445-OK-pour-plaquette-GTE-FA.jpg\" title=\"Etudiantes GTE\"><img loading=\"lazy\" decoding=\"async\" src=\"https:\/\/www.iutcolmar.uha.fr\/wp-content\/uploads\/2018\/10\/DSC00445-OK-pour-plaquette-GTE-FA-250x250.jpg\" alt=\"Etudiantes GTE\" width=\"250\" height=\"250\" \/><span class=\"su-custom-gallery-title\">Etudiantes GTE<\/span><\/a><\/div><div class=\"su-custom-gallery-slide\" style=\"width:250px;height:250px\"><a href=\"https:\/\/www.iutcolmar.uha.fr\/wp-content\/uploads\/2018\/10\/DSC00494-LP-GTE.jpg\" title=\"Etudiants MT2E\"><img loading=\"lazy\" decoding=\"async\" src=\"https:\/\/www.iutcolmar.uha.fr\/wp-content\/uploads\/2018\/10\/DSC00494-LP-GTE-250x250.jpg\" alt=\"Etudiants MT2E\" width=\"250\" height=\"250\" \/><span class=\"su-custom-gallery-title\">Etudiants MT2E<\/span><\/a><\/div><div class=\"su-clear\"><\/div><\/div>\n<p>Le b\u00e2timent MT2E est \u00e9quip\u00e9 d&rsquo;une \u00e9olienne sur le toit et de panneaux photovolta\u00efques.<\/p>\n<p>Une cam\u00e9ra thermique permet aux \u00e9tudiants d&rsquo;analyser la d\u00e9perdition thermique des b\u00e2timents.<\/p>\n","protected":false},"excerpt":{"rendered":"<p>D\u00e9veloppement Durable &nbsp; L&rsquo;IUT de Colmar participe \u00e0 la d\u00e9marche de d\u00e9veloppement durable de l&rsquo;Universit\u00e9 de Haute-Alsace. Consciente du r\u00f4le et des responsabilit\u00e9s qui sont les siennes face au enjeux de d\u00e9veloppement durable, l&rsquo;UHA a pris des initiatives. Deux projets ont \u00e9t\u00e9 mis en place sur l&rsquo;ensemble des campus, dont ceux de Colmar : la [&hellip;]<\/p>\n","protected":false},"author":1,"featured_media":0,"parent":5,"menu_order":2,"comment_status":"closed","ping_status":"closed","template":"","meta":{"footnotes":""},"class_list":["post-57","page","type-page","status-publish","hentry"],"yoast_head":"<!-- This site is optimized with the Yoast SEO plugin v27.4 - https:\/\/yoast.com\/product\/yoast-seo-wordpress\/ -->\n<title>D\u00e9veloppement Durable - IUT de Colmar<\/title>\n<meta name=\"description\" content=\"L&#039;IUT s&#039;inscrit dans la d\u00e9marche de d\u00e9veloppement durable de l&#039;Universit\u00e9 de Haute-Alsace.\" \/>\n<meta name=\"robots\" content=\"index, follow, max-snippet:-1, max-image-preview:large, max-video-preview:-1\" \/>\n<link rel=\"canonical\" href=\"https:\/\/www.iutcolmar.uha.fr\/index.php\/iut-de-colmar\/developpement-durable\/\" \/>\n<meta property=\"og:locale\" content=\"fr_FR\" \/>\n<meta property=\"og:type\" content=\"article\" \/>\n<meta property=\"og:title\" content=\"D\u00e9veloppement Durable - IUT de Colmar\" \/>\n<meta property=\"og:description\" content=\"L&#039;IUT s&#039;inscrit dans la d\u00e9marche de d\u00e9veloppement durable de l&#039;Universit\u00e9 de Haute-Alsace.\" \/>\n<meta property=\"og:url\" content=\"https:\/\/www.iutcolmar.uha.fr\/index.php\/iut-de-colmar\/developpement-durable\/\" \/>\n<meta property=\"og:site_name\" content=\"IUT de Colmar\" \/>\n<meta property=\"article:modified_time\" content=\"2021-12-15T14:38:16+00:00\" \/>\n<meta property=\"og:image\" content=\"https:\/\/www.iutcolmar.uha.fr\/wp-content\/uploads\/2018\/04\/DSC_2517_resize-300x83.png\" \/>\n<meta name=\"twitter:card\" content=\"summary_large_image\" \/>\n<meta name=\"twitter:label1\" content=\"Dur\u00e9e de lecture estim\u00e9e\" \/>\n\t<meta name=\"twitter:data1\" content=\"2 minutes\" \/>\n<script type=\"application\/ld+json\" class=\"yoast-schema-graph\">{\"@context\":\"https:\\\/\\\/schema.org\",\"@graph\":[{\"@type\":\"WebPage\",\"@id\":\"https:\\\/\\\/www.iutcolmar.uha.fr\\\/index.php\\\/iut-de-colmar\\\/developpement-durable\\\/\",\"url\":\"https:\\\/\\\/www.iutcolmar.uha.fr\\\/index.php\\\/iut-de-colmar\\\/developpement-durable\\\/\",\"name\":\"D\u00e9veloppement Durable - IUT de Colmar\",\"isPartOf\":{\"@id\":\"https:\\\/\\\/www.iutcolmar.uha.fr\\\/#website\"},\"primaryImageOfPage\":{\"@id\":\"https:\\\/\\\/www.iutcolmar.uha.fr\\\/index.php\\\/iut-de-colmar\\\/developpement-durable\\\/#primaryimage\"},\"image\":{\"@id\":\"https:\\\/\\\/www.iutcolmar.uha.fr\\\/index.php\\\/iut-de-colmar\\\/developpement-durable\\\/#primaryimage\"},\"thumbnailUrl\":\"https:\\\/\\\/www.iutcolmar.uha.fr\\\/wp-content\\\/uploads\\\/2018\\\/04\\\/DSC_2517_resize-300x83.png\",\"datePublished\":\"2018-04-05T06:28:40+00:00\",\"dateModified\":\"2021-12-15T14:38:16+00:00\",\"description\":\"L'IUT s'inscrit dans la d\u00e9marche de d\u00e9veloppement durable de l'Universit\u00e9 de Haute-Alsace.\",\"breadcrumb\":{\"@id\":\"https:\\\/\\\/www.iutcolmar.uha.fr\\\/index.php\\\/iut-de-colmar\\\/developpement-durable\\\/#breadcrumb\"},\"inLanguage\":\"fr-FR\",\"potentialAction\":[{\"@type\":\"ReadAction\",\"target\":[\"https:\\\/\\\/www.iutcolmar.uha.fr\\\/index.php\\\/iut-de-colmar\\\/developpement-durable\\\/\"]}]},{\"@type\":\"ImageObject\",\"inLanguage\":\"fr-FR\",\"@id\":\"https:\\\/\\\/www.iutcolmar.uha.fr\\\/index.php\\\/iut-de-colmar\\\/developpement-durable\\\/#primaryimage\",\"url\":\"https:\\\/\\\/www.iutcolmar.uha.fr\\\/wp-content\\\/uploads\\\/2018\\\/04\\\/DSC_2517_resize-300x83.png\",\"contentUrl\":\"https:\\\/\\\/www.iutcolmar.uha.fr\\\/wp-content\\\/uploads\\\/2018\\\/04\\\/DSC_2517_resize-300x83.png\"},{\"@type\":\"BreadcrumbList\",\"@id\":\"https:\\\/\\\/www.iutcolmar.uha.fr\\\/index.php\\\/iut-de-colmar\\\/developpement-durable\\\/#breadcrumb\",\"itemListElement\":[{\"@type\":\"ListItem\",\"position\":1,\"name\":\"Accueil\",\"item\":\"https:\\\/\\\/www.iutcolmar.uha.fr\\\/\"},{\"@type\":\"ListItem\",\"position\":2,\"name\":\"L&#8217;IUT\",\"item\":\"https:\\\/\\\/www.iutcolmar.uha.fr\\\/index.php\\\/iut-de-colmar\\\/\"},{\"@type\":\"ListItem\",\"position\":3,\"name\":\"D\u00e9veloppement Durable\"}]},{\"@type\":\"WebSite\",\"@id\":\"https:\\\/\\\/www.iutcolmar.uha.fr\\\/#website\",\"url\":\"https:\\\/\\\/www.iutcolmar.uha.fr\\\/\",\"name\":\"IUT de Colmar\",\"description\":\"Universit\u00e9 de Haute-Alsace\",\"potentialAction\":[{\"@type\":\"SearchAction\",\"target\":{\"@type\":\"EntryPoint\",\"urlTemplate\":\"https:\\\/\\\/www.iutcolmar.uha.fr\\\/?s={search_term_string}\"},\"query-input\":{\"@type\":\"PropertyValueSpecification\",\"valueRequired\":true,\"valueName\":\"search_term_string\"}}],\"inLanguage\":\"fr-FR\"}]}<\/script>\n<!-- \/ Yoast SEO plugin. -->","yoast_head_json":{"title":"D\u00e9veloppement Durable - IUT de Colmar","description":"L'IUT s'inscrit dans la d\u00e9marche de d\u00e9veloppement durable de l'Universit\u00e9 de Haute-Alsace.","robots":{"index":"index","follow":"follow","max-snippet":"max-snippet:-1","max-image-preview":"max-image-preview:large","max-video-preview":"max-video-preview:-1"},"canonical":"https:\/\/www.iutcolmar.uha.fr\/index.php\/iut-de-colmar\/developpement-durable\/","og_locale":"fr_FR","og_type":"article","og_title":"D\u00e9veloppement Durable - IUT de Colmar","og_description":"L'IUT s'inscrit dans la d\u00e9marche de d\u00e9veloppement durable de l'Universit\u00e9 de Haute-Alsace.","og_url":"https:\/\/www.iutcolmar.uha.fr\/index.php\/iut-de-colmar\/developpement-durable\/","og_site_name":"IUT de Colmar","article_modified_time":"2021-12-15T14:38:16+00:00","og_image":[{"url":"https:\/\/www.iutcolmar.uha.fr\/wp-content\/uploads\/2018\/04\/DSC_2517_resize-300x83.png","type":"","width":"","height":""}],"twitter_card":"summary_large_image","twitter_misc":{"Dur\u00e9e de lecture estim\u00e9e":"2 minutes"},"schema":{"@context":"https:\/\/schema.org","@graph":[{"@type":"WebPage","@id":"https:\/\/www.iutcolmar.uha.fr\/index.php\/iut-de-colmar\/developpement-durable\/","url":"https:\/\/www.iutcolmar.uha.fr\/index.php\/iut-de-colmar\/developpement-durable\/","name":"D\u00e9veloppement Durable - IUT de Colmar","isPartOf":{"@id":"https:\/\/www.iutcolmar.uha.fr\/#website"},"primaryImageOfPage":{"@id":"https:\/\/www.iutcolmar.uha.fr\/index.php\/iut-de-colmar\/developpement-durable\/#primaryimage"},"image":{"@id":"https:\/\/www.iutcolmar.uha.fr\/index.php\/iut-de-colmar\/developpement-durable\/#primaryimage"},"thumbnailUrl":"https:\/\/www.iutcolmar.uha.fr\/wp-content\/uploads\/2018\/04\/DSC_2517_resize-300x83.png","datePublished":"2018-04-05T06:28:40+00:00","dateModified":"2021-12-15T14:38:16+00:00","description":"L'IUT s'inscrit dans la d\u00e9marche de d\u00e9veloppement durable de l'Universit\u00e9 de Haute-Alsace.","breadcrumb":{"@id":"https:\/\/www.iutcolmar.uha.fr\/index.php\/iut-de-colmar\/developpement-durable\/#breadcrumb"},"inLanguage":"fr-FR","potentialAction":[{"@type":"ReadAction","target":["https:\/\/www.iutcolmar.uha.fr\/index.php\/iut-de-colmar\/developpement-durable\/"]}]},{"@type":"ImageObject","inLanguage":"fr-FR","@id":"https:\/\/www.iutcolmar.uha.fr\/index.php\/iut-de-colmar\/developpement-durable\/#primaryimage","url":"https:\/\/www.iutcolmar.uha.fr\/wp-content\/uploads\/2018\/04\/DSC_2517_resize-300x83.png","contentUrl":"https:\/\/www.iutcolmar.uha.fr\/wp-content\/uploads\/2018\/04\/DSC_2517_resize-300x83.png"},{"@type":"BreadcrumbList","@id":"https:\/\/www.iutcolmar.uha.fr\/index.php\/iut-de-colmar\/developpement-durable\/#breadcrumb","itemListElement":[{"@type":"ListItem","position":1,"name":"Accueil","item":"https:\/\/www.iutcolmar.uha.fr\/"},{"@type":"ListItem","position":2,"name":"L&#8217;IUT","item":"https:\/\/www.iutcolmar.uha.fr\/index.php\/iut-de-colmar\/"},{"@type":"ListItem","position":3,"name":"D\u00e9veloppement Durable"}]},{"@type":"WebSite","@id":"https:\/\/www.iutcolmar.uha.fr\/#website","url":"https:\/\/www.iutcolmar.uha.fr\/","name":"IUT de Colmar","description":"Universit\u00e9 de Haute-Alsace","potentialAction":[{"@type":"SearchAction","target":{"@type":"EntryPoint","urlTemplate":"https:\/\/www.iutcolmar.uha.fr\/?s={search_term_string}"},"query-input":{"@type":"PropertyValueSpecification","valueRequired":true,"valueName":"search_term_string"}}],"inLanguage":"fr-FR"}]}},"_links":{"self":[{"href":"https:\/\/www.iutcolmar.uha.fr\/index.php\/wp-json\/wp\/v2\/pages\/57","targetHints":{"allow":["GET"]}}],"collection":[{"href":"https:\/\/www.iutcolmar.uha.fr\/index.php\/wp-json\/wp\/v2\/pages"}],"about":[{"href":"https:\/\/www.iutcolmar.uha.fr\/index.php\/wp-json\/wp\/v2\/types\/page"}],"author":[{"embeddable":true,"href":"https:\/\/www.iutcolmar.uha.fr\/index.php\/wp-json\/wp\/v2\/users\/1"}],"replies":[{"embeddable":true,"href":"https:\/\/www.iutcolmar.uha.fr\/index.php\/wp-json\/wp\/v2\/comments?post=57"}],"version-history":[{"count":24,"href":"https:\/\/www.iutcolmar.uha.fr\/index.php\/wp-json\/wp\/v2\/pages\/57\/revisions"}],"predecessor-version":[{"id":5437,"href":"https:\/\/www.iutcolmar.uha.fr\/index.php\/wp-json\/wp\/v2\/pages\/57\/revisions\/5437"}],"up":[{"embeddable":true,"href":"https:\/\/www.iutcolmar.uha.fr\/index.php\/wp-json\/wp\/v2\/pages\/5"}],"wp:attachment":[{"href":"https:\/\/www.iutcolmar.uha.fr\/index.php\/wp-json\/wp\/v2\/media?parent=57"}],"curies":[{"name":"wp","href":"https:\/\/api.w.org\/{rel}","templated":true}]}}