{"id":8947,"date":"2026-05-11T10:52:25","date_gmt":"2026-05-11T08:52:25","guid":{"rendered":"https:\/\/www.iutcolmar.uha.fr\/?page_id=8947"},"modified":"2026-05-11T14:16:04","modified_gmt":"2026-05-11T12:16:04","slug":"d-u-conciliation-arbitrage-et-expertise-judiciaire","status":"publish","type":"page","link":"https:\/\/www.iutcolmar.uha.fr\/index.php\/formations\/diplomes\/d-u-conciliation-arbitrage-et-expertise-judiciaire\/","title":{"rendered":"D.U. Conciliation, arbitrage et expertise judiciaire"},"content":{"rendered":"<div id=\"lipsum\">\n<p><img loading=\"lazy\" decoding=\"async\" class=\"alignnone wp-image-8968 size-full\" src=\"https:\/\/www.iutcolmar.uha.fr\/wp-content\/uploads\/2026\/05\/Design-sans-titre1.png\" alt=\"\" width=\"2560\" height=\"1015\" srcset=\"https:\/\/www.iutcolmar.uha.fr\/wp-content\/uploads\/2026\/05\/Design-sans-titre1.png 2560w, https:\/\/www.iutcolmar.uha.fr\/wp-content\/uploads\/2026\/05\/Design-sans-titre1-300x119.png 300w, https:\/\/www.iutcolmar.uha.fr\/wp-content\/uploads\/2026\/05\/Design-sans-titre1-1024x406.png 1024w, https:\/\/www.iutcolmar.uha.fr\/wp-content\/uploads\/2026\/05\/Design-sans-titre1-768x305.png 768w, https:\/\/www.iutcolmar.uha.fr\/wp-content\/uploads\/2026\/05\/Design-sans-titre1-1536x609.png 1536w, https:\/\/www.iutcolmar.uha.fr\/wp-content\/uploads\/2026\/05\/Design-sans-titre1-2048x812.png 2048w\" sizes=\"auto, (max-width: 2560px) 100vw, 2560px\" \/><\/p>\n<div class=\"su-row\"><div class=\"su-column su-column-size-3-4\"><div class=\"su-column-inner su-u-clearfix su-u-trim\">\n<p>En septembre 2026, l\u2019IUT de Colmar lance une toute nouvelle formation au sein du d\u00e9partement Carri\u00e8res Juridiques : le Dipl\u00f4me Universitaire (D.U.) Conciliation, arbitrage et expertise judiciaire.<\/p>\n<h2><strong>Objectif<\/strong><\/h2>\n<\/div>\n<p>Le D.U. Conciliation, arbitrage et expertise judiciaire forme des sp\u00e9cialistes techniques au r\u00e8glement de litiges \u00e0 l\u2019amiable et au suivi des expertises judiciaires. Ce dipl\u00f4me permet aux stagiaires, non-juristes et issus d\u2019horizons professionnels divers, d\u2019acqu\u00e9rir une culture juridique et la m\u00e9thodologie pour r\u00e9aliser des expertises judiciaires.<\/p>\n<h2><strong>Public concern\u00e9<\/strong><\/h2>\n<div class=\"su-pullquote su-pullquote-align-right\"><img loading=\"lazy\" decoding=\"async\" class=\"wp-image-5212 size-medium alignright\" src=\"https:\/\/www.iutcolmar.uha.fr\/wp-content\/uploads\/2021\/09\/AdobeStock_37313025-300x200.jpeg\" alt=\"\" width=\"300\" height=\"200\" srcset=\"https:\/\/www.iutcolmar.uha.fr\/wp-content\/uploads\/2021\/09\/AdobeStock_37313025-300x200.jpeg 300w, https:\/\/www.iutcolmar.uha.fr\/wp-content\/uploads\/2021\/09\/AdobeStock_37313025-1024x683.jpeg 1024w, https:\/\/www.iutcolmar.uha.fr\/wp-content\/uploads\/2021\/09\/AdobeStock_37313025-768x512.jpeg 768w, https:\/\/www.iutcolmar.uha.fr\/wp-content\/uploads\/2021\/09\/AdobeStock_37313025-1536x1024.jpeg 1536w, https:\/\/www.iutcolmar.uha.fr\/wp-content\/uploads\/2021\/09\/AdobeStock_37313025-2048x1365.jpeg 2048w\" sizes=\"auto, (max-width: 300px) 100vw, 300px\" \/><\/p>\n<\/div>\n<ul>\n<li>Professionnels souhaitant \u00eatre qualifi\u00e9s d\u2019experts judiciaires.<\/li>\n<li>Professionnels d\u2019entreprises confront\u00e9s \u00e0 des expertises judiciaires et souhaitant approfondir leurs connaissances.<\/li>\n<li>Experts de justice, probatoires ou confirm\u00e9s.<\/li>\n<li>Professionnels en recherche d\u2019une double\u00a0comp\u00e9tence technique et juridique.<\/li>\n<li>\u00c9tudiants en formation initiale souhaitant valider leurs comp\u00e9tences techniques en expertise.<\/li>\n<\/ul>\n<h2><strong>Organisation de la formation<\/strong><\/h2>\n<ul>\n<li>60h de formation (6h le vendredi)<\/li>\n<li>1 \u00e0 2 sessions par an\u00a0: 1<sup>\u00e8re<\/sup> session pr\u00e9vue en octobre 2026<\/li>\n<li>1 examen \u00e9crit et oral validera la formation<\/li>\n<\/ul>\n<h2><strong>Programme de la formation<\/strong><\/h2>\n<div class=\"su-tabs su-tabs-style-default su-tabs-mobile-stack\" data-active=\"1\" data-scroll-offset=\"0\" data-anchor-in-url=\"no\"><div class=\"su-tabs-nav\"><span class=\"\" data-url=\"\" data-target=\"_blank\" tabindex=\"0\" role=\"button\"><strong>Les fondements du droit, de la justice et des proc\u00e9dures<\/strong> <\/span><span class=\"\" data-url=\"\" data-target=\"_blank\" tabindex=\"0\" role=\"button\">Principes et mode d\u2019emploi de l\u2019expertise judiciaire<\/span><\/div><div class=\"su-tabs-panes\"><div class=\"su-tabs-pane su-u-clearfix su-u-trim\" data-title=\"&lt;strong&gt;Les fondements du droit, de la justice et des proc\u00e9dures&lt;\/strong&gt; \">\n<ul>\n<li>Culture juridique g\u00e9n\u00e9rale<\/li>\n<li>Pr\u00e9sentation de l\u2019organisation de la justice<\/li>\n<li>Les r\u00e8gles d\u2019un proc\u00e8s civil, p\u00e9nal et administratif<\/li>\n<li>Les r\u00e8gles et le d\u00e9roulement des proc\u00e9dures au sein des diff\u00e9rentes juridictions<\/li>\n<li>Les modes alternatifs de r\u00e8glement des litiges<\/li>\n<\/ul>\n<\/div>\n<div class=\"su-tabs-pane su-u-clearfix su-u-trim\" data-title=\"Principes et mode d\u2019emploi de l\u2019expertise judiciaire\">\n<ul>\n<li>La place de l\u2019expertise dans le proc\u00e8s<\/li>\n<li>Le statut de l\u2019expert<\/li>\n<li>Le d\u00e9roulement de l&rsquo;expertise judiciaire<\/li>\n<li>Le r\u00f4le du technicien ou de l\u2019expert pendant une expertise<\/li>\n<li>La m\u00e9thode et la structure des expertises et des rapports<\/li>\n<\/ul>\n<\/div><\/div><\/div>\n<h2><strong>Conditions d\u2019admission<br \/>\n<\/strong><\/h2>\n<p>Titulaire d\u2019un dipl\u00f4me de niveau Bac+2 minimum (formation continue) ou Bac+3 (formation initiale).<br \/>\nRecrutement sur dossiers de candidature (CV, lettre de motivation et justificatif de dipl\u00f4me) apr\u00e8s examen par une commission de s\u00e9lection.<br \/>\nCapacit\u00e9 d\u2019accueil : 16 places<br \/>\n<strong>Envoi des candidatures sur <a href=\"mailto:cj.iutcolmar@uha.fr\">cj.iutcolmar@uha.fr<\/a>\u00a0avant le vendredi 4\/09<\/strong><\/p>\n<div class=\"su-service\"><div class=\"su-service-title\" style=\"padding-left:38px;min-height:24px;line-height:24px\"><i class=\"sui sui-info-circle\" style=\"font-size:24px;color:#009ee3\"><\/i> Candidatures et inscriptions <\/div><div class=\"su-service-content su-u-clearfix su-u-trim\" style=\"padding-left:38px\">\n<p><a href=\"https:\/\/www.iutcolmar.uha.fr\/index.php\/candidatures-inscriptions\/\" rel=\"noopener\">Pour en savoir plus<\/a><\/div><\/div>\n<div id=\"lipsum\">\n<\/div><\/div> <div class=\"su-column su-column-size-1-4\"><div class=\"su-column-inner su-u-clearfix su-u-trim\">\n<div class=\"su-service\"><div class=\"su-service-title\" style=\"padding-left:38px;min-height:24px;line-height:24px\"><i class=\"sui sui-info-circle\" style=\"font-size:24px;color:#009ee3\"><\/i> Candidatures et inscriptions <\/div><div class=\"su-service-content su-u-clearfix su-u-trim\" style=\"padding-left:38px\">\n<p><a href=\"https:\/\/www.iutcolmar.uha.fr\/index.php\/candidatures-inscriptions\/\" rel=\"noopener\">Pour en savoir plus<\/a><\/div><\/div>\n<div class=\"su-button-center\"><a href=\"https:\/\/my.web-visite.com\/F1wZsyd4fe\" class=\"su-button su-button-style-flat su-button-wide\" style=\"color:#FFFFFF;background-color:#004996;border-color:#003b78;border-radius:0px\" target=\"_self\"><span style=\"color:#FFFFFF;padding:6px 18px;font-size:14px;line-height:21px;border-color:#4d80b6;border-radius:0px;text-shadow:none\"><i class=\"sui sui-link\" style=\"font-size:14px;color:#FFFFFF\"><\/i> Visite virtuelle<\/span><\/a><\/div>\n<div id=\"lipsum\">\n<h2>Portes ouvertes<br \/>\n7 mars 2026<\/h2>\n<p>Toute l&rsquo;info sur les portes ouvertes sur : <a href=\"http:\/\/jpo.uha.fr\/\" target=\"_blank\" rel=\"noopener\">www.jpo.uha.fr<\/a><br \/>\n<div class=\"su-service\"><div class=\"su-service-title\" style=\"padding-left:38px;min-height:24px;line-height:24px\"><i class=\"sui sui-download\" style=\"font-size:24px;color:#009ee3\"><\/i> Programme JPO <\/div><div class=\"su-service-content su-u-clearfix su-u-trim\" style=\"padding-left:38px\"><a href=\"https:\/\/www.iutcolmar.uha.fr\/wp-content\/uploads\/2026\/02\/JPO-2026_PROGRAMME-IUTC-WEB.pdf\">T\u00e9l\u00e9charger le programme\u00a0<\/a><\/div><\/div>\n<div class=\"su-divider su-divider-style-default 1px dotted gray\" style=\"margin:15px 0;border-width:3px;border-color:#999999\"><\/div>\n<\/div>\n<div id=\"lipsum\">\n<div class=\"su-service\"><div class=\"su-service-title\" style=\"padding-left:38px;min-height:24px;line-height:24px\"><i class=\"sui sui-envelope-open\" style=\"font-size:24px;color:#009ee3\"><\/i> Contact<\/div><div class=\"su-service-content su-u-clearfix su-u-trim\" style=\"padding-left:38px\">\n<p><a href=\"mailto:cj.iutcolmar@uha.fr\">cj.iutcolmar@uha.fr<\/a><\/p>\n<p>B\u00e2timent G<br \/>\n34 rue du Grillenbreit<br \/>\nBP 50568 &#8211; 68008 Colmar cedex<\/div><\/div>\n<div class=\"su-service\"><div class=\"su-service-title\" style=\"padding-left:38px;min-height:24px;line-height:24px\"><i class=\"sui sui-phone\" style=\"font-size:24px;color:#009ee3\"><\/i> Pour nous joindre<\/div><div class=\"su-service-content su-u-clearfix su-u-trim\" style=\"padding-left:38px\">\u00a0<a href=\"tel:+33389202917\">+33 (0)3 89 20 29 17<\/a> <\/div><\/div>\n<\/div>\n<\/div>\n<div id=\"lipsum\">\n<div id=\"lipsum\">\n<div class=\"su-divider su-divider-style-default 1px dotted gray\" style=\"margin:15px 0;border-width:3px;border-color:#999999\"><\/div>\n<h2>Documents<\/h2>\n<div class=\"su-service\"><div class=\"su-service-title\" style=\"padding-left:38px;min-height:24px;line-height:24px\"><i class=\"sui sui-download\" style=\"font-size:24px;color:#009ee3\"><\/i> Plaquette B.U.T.<\/div><div class=\"su-service-content su-u-clearfix su-u-trim\" style=\"padding-left:38px\">T\u00e9l\u00e9charger <a href=\"https:\/\/www.iutcolmar.uha.fr\/wp-content\/uploads\/2026\/05\/DU_web.pdf\">la plaquette D.U<\/a><\/div><\/div><img loading=\"lazy\" decoding=\"async\" class=\"aligncenter wp-image-8994\" src=\"https:\/\/www.iutcolmar.uha.fr\/wp-content\/uploads\/2026\/05\/Capture-couv.png\" alt=\"\" width=\"109\" height=\"155\" srcset=\"https:\/\/www.iutcolmar.uha.fr\/wp-content\/uploads\/2026\/05\/Capture-couv.png 522w, https:\/\/www.iutcolmar.uha.fr\/wp-content\/uploads\/2026\/05\/Capture-couv-212x300.png 212w\" sizes=\"auto, (max-width: 109px) 100vw, 109px\" \/><\/p>\n<\/div>\n<\/div>\n<div id=\"lipsum\">\n<div class=\"su-divider su-divider-style-default 1px dotted gray\" style=\"margin:15px 0;border-width:3px;border-color:#999999\"><\/div>\n<\/div>\n<div id=\"lipsum\">\n<div id=\"lipsum\">\n<\/div><\/div><\/div>\n<\/div>\n<\/div>\n","protected":false},"excerpt":{"rendered":"","protected":false},"author":24,"featured_media":8964,"parent":66,"menu_order":0,"comment_status":"closed","ping_status":"closed","template":"","meta":{"footnotes":""},"class_list":["post-8947","page","type-page","status-publish","has-post-thumbnail","hentry"],"yoast_head":"<!-- This site is optimized with the Yoast SEO plugin v27.4 - https:\/\/yoast.com\/product\/yoast-seo-wordpress\/ -->\n<title>D.U. Conciliation, arbitrage et expertise judiciaire - IUT de Colmar<\/title>\n<meta name=\"robots\" content=\"index, follow, max-snippet:-1, max-image-preview:large, max-video-preview:-1\" \/>\n<link rel=\"canonical\" href=\"https:\/\/www.iutcolmar.uha.fr\/index.php\/formations\/diplomes\/d-u-conciliation-arbitrage-et-expertise-judiciaire\/\" \/>\n<meta property=\"og:locale\" content=\"fr_FR\" \/>\n<meta property=\"og:type\" content=\"article\" \/>\n<meta property=\"og:title\" content=\"D.U. Conciliation, arbitrage et expertise judiciaire - IUT de Colmar\" \/>\n<meta property=\"og:url\" content=\"https:\/\/www.iutcolmar.uha.fr\/index.php\/formations\/diplomes\/d-u-conciliation-arbitrage-et-expertise-judiciaire\/\" \/>\n<meta property=\"og:site_name\" content=\"IUT de Colmar\" \/>\n<meta property=\"article:modified_time\" content=\"2026-05-11T12:16:04+00:00\" \/>\n<meta property=\"og:image\" content=\"https:\/\/www.iutcolmar.uha.fr\/wp-content\/uploads\/2026\/05\/Law-and-justice-1024x576.png\" \/>\n\t<meta property=\"og:image:width\" content=\"1024\" \/>\n\t<meta property=\"og:image:height\" content=\"576\" \/>\n\t<meta property=\"og:image:type\" content=\"image\/png\" \/>\n<meta name=\"twitter:card\" content=\"summary_large_image\" \/>\n<meta name=\"twitter:label1\" content=\"Dur\u00e9e de lecture estim\u00e9e\" \/>\n\t<meta name=\"twitter:data1\" content=\"4 minutes\" \/>\n<script type=\"application\/ld+json\" class=\"yoast-schema-graph\">{\"@context\":\"https:\\\/\\\/schema.org\",\"@graph\":[{\"@type\":\"WebPage\",\"@id\":\"https:\\\/\\\/www.iutcolmar.uha.fr\\\/index.php\\\/formations\\\/diplomes\\\/d-u-conciliation-arbitrage-et-expertise-judiciaire\\\/\",\"url\":\"https:\\\/\\\/www.iutcolmar.uha.fr\\\/index.php\\\/formations\\\/diplomes\\\/d-u-conciliation-arbitrage-et-expertise-judiciaire\\\/\",\"name\":\"D.U. Conciliation, arbitrage et expertise judiciaire - IUT de Colmar\",\"isPartOf\":{\"@id\":\"https:\\\/\\\/www.iutcolmar.uha.fr\\\/#website\"},\"primaryImageOfPage\":{\"@id\":\"https:\\\/\\\/www.iutcolmar.uha.fr\\\/index.php\\\/formations\\\/diplomes\\\/d-u-conciliation-arbitrage-et-expertise-judiciaire\\\/#primaryimage\"},\"image\":{\"@id\":\"https:\\\/\\\/www.iutcolmar.uha.fr\\\/index.php\\\/formations\\\/diplomes\\\/d-u-conciliation-arbitrage-et-expertise-judiciaire\\\/#primaryimage\"},\"thumbnailUrl\":\"https:\\\/\\\/www.iutcolmar.uha.fr\\\/wp-content\\\/uploads\\\/2026\\\/05\\\/Law-and-justice.png\",\"datePublished\":\"2026-05-11T08:52:25+00:00\",\"dateModified\":\"2026-05-11T12:16:04+00:00\",\"breadcrumb\":{\"@id\":\"https:\\\/\\\/www.iutcolmar.uha.fr\\\/index.php\\\/formations\\\/diplomes\\\/d-u-conciliation-arbitrage-et-expertise-judiciaire\\\/#breadcrumb\"},\"inLanguage\":\"fr-FR\",\"potentialAction\":[{\"@type\":\"ReadAction\",\"target\":[\"https:\\\/\\\/www.iutcolmar.uha.fr\\\/index.php\\\/formations\\\/diplomes\\\/d-u-conciliation-arbitrage-et-expertise-judiciaire\\\/\"]}]},{\"@type\":\"ImageObject\",\"inLanguage\":\"fr-FR\",\"@id\":\"https:\\\/\\\/www.iutcolmar.uha.fr\\\/index.php\\\/formations\\\/diplomes\\\/d-u-conciliation-arbitrage-et-expertise-judiciaire\\\/#primaryimage\",\"url\":\"https:\\\/\\\/www.iutcolmar.uha.fr\\\/wp-content\\\/uploads\\\/2026\\\/05\\\/Law-and-justice.png\",\"contentUrl\":\"https:\\\/\\\/www.iutcolmar.uha.fr\\\/wp-content\\\/uploads\\\/2026\\\/05\\\/Law-and-justice.png\",\"width\":1920,\"height\":1080},{\"@type\":\"BreadcrumbList\",\"@id\":\"https:\\\/\\\/www.iutcolmar.uha.fr\\\/index.php\\\/formations\\\/diplomes\\\/d-u-conciliation-arbitrage-et-expertise-judiciaire\\\/#breadcrumb\",\"itemListElement\":[{\"@type\":\"ListItem\",\"position\":1,\"name\":\"Accueil\",\"item\":\"https:\\\/\\\/www.iutcolmar.uha.fr\\\/\"},{\"@type\":\"ListItem\",\"position\":2,\"name\":\"Formations\",\"item\":\"https:\\\/\\\/www.iutcolmar.uha.fr\\\/index.php\\\/formations\\\/\"},{\"@type\":\"ListItem\",\"position\":3,\"name\":\"Dipl\u00f4mes\",\"item\":\"https:\\\/\\\/www.iutcolmar.uha.fr\\\/index.php\\\/formations\\\/diplomes\\\/\"},{\"@type\":\"ListItem\",\"position\":4,\"name\":\"D.U. Conciliation, arbitrage et expertise judiciaire\"}]},{\"@type\":\"WebSite\",\"@id\":\"https:\\\/\\\/www.iutcolmar.uha.fr\\\/#website\",\"url\":\"https:\\\/\\\/www.iutcolmar.uha.fr\\\/\",\"name\":\"IUT de Colmar\",\"description\":\"Universit\u00e9 de Haute-Alsace\",\"potentialAction\":[{\"@type\":\"SearchAction\",\"target\":{\"@type\":\"EntryPoint\",\"urlTemplate\":\"https:\\\/\\\/www.iutcolmar.uha.fr\\\/?s={search_term_string}\"},\"query-input\":{\"@type\":\"PropertyValueSpecification\",\"valueRequired\":true,\"valueName\":\"search_term_string\"}}],\"inLanguage\":\"fr-FR\"}]}<\/script>\n<!-- \/ Yoast SEO plugin. -->","yoast_head_json":{"title":"D.U. Conciliation, arbitrage et expertise judiciaire - IUT de Colmar","robots":{"index":"index","follow":"follow","max-snippet":"max-snippet:-1","max-image-preview":"max-image-preview:large","max-video-preview":"max-video-preview:-1"},"canonical":"https:\/\/www.iutcolmar.uha.fr\/index.php\/formations\/diplomes\/d-u-conciliation-arbitrage-et-expertise-judiciaire\/","og_locale":"fr_FR","og_type":"article","og_title":"D.U. Conciliation, arbitrage et expertise judiciaire - IUT de Colmar","og_url":"https:\/\/www.iutcolmar.uha.fr\/index.php\/formations\/diplomes\/d-u-conciliation-arbitrage-et-expertise-judiciaire\/","og_site_name":"IUT de Colmar","article_modified_time":"2026-05-11T12:16:04+00:00","og_image":[{"width":1024,"height":576,"url":"https:\/\/www.iutcolmar.uha.fr\/wp-content\/uploads\/2026\/05\/Law-and-justice-1024x576.png","type":"image\/png"}],"twitter_card":"summary_large_image","twitter_misc":{"Dur\u00e9e de lecture estim\u00e9e":"4 minutes"},"schema":{"@context":"https:\/\/schema.org","@graph":[{"@type":"WebPage","@id":"https:\/\/www.iutcolmar.uha.fr\/index.php\/formations\/diplomes\/d-u-conciliation-arbitrage-et-expertise-judiciaire\/","url":"https:\/\/www.iutcolmar.uha.fr\/index.php\/formations\/diplomes\/d-u-conciliation-arbitrage-et-expertise-judiciaire\/","name":"D.U. Conciliation, arbitrage et expertise judiciaire - IUT de Colmar","isPartOf":{"@id":"https:\/\/www.iutcolmar.uha.fr\/#website"},"primaryImageOfPage":{"@id":"https:\/\/www.iutcolmar.uha.fr\/index.php\/formations\/diplomes\/d-u-conciliation-arbitrage-et-expertise-judiciaire\/#primaryimage"},"image":{"@id":"https:\/\/www.iutcolmar.uha.fr\/index.php\/formations\/diplomes\/d-u-conciliation-arbitrage-et-expertise-judiciaire\/#primaryimage"},"thumbnailUrl":"https:\/\/www.iutcolmar.uha.fr\/wp-content\/uploads\/2026\/05\/Law-and-justice.png","datePublished":"2026-05-11T08:52:25+00:00","dateModified":"2026-05-11T12:16:04+00:00","breadcrumb":{"@id":"https:\/\/www.iutcolmar.uha.fr\/index.php\/formations\/diplomes\/d-u-conciliation-arbitrage-et-expertise-judiciaire\/#breadcrumb"},"inLanguage":"fr-FR","potentialAction":[{"@type":"ReadAction","target":["https:\/\/www.iutcolmar.uha.fr\/index.php\/formations\/diplomes\/d-u-conciliation-arbitrage-et-expertise-judiciaire\/"]}]},{"@type":"ImageObject","inLanguage":"fr-FR","@id":"https:\/\/www.iutcolmar.uha.fr\/index.php\/formations\/diplomes\/d-u-conciliation-arbitrage-et-expertise-judiciaire\/#primaryimage","url":"https:\/\/www.iutcolmar.uha.fr\/wp-content\/uploads\/2026\/05\/Law-and-justice.png","contentUrl":"https:\/\/www.iutcolmar.uha.fr\/wp-content\/uploads\/2026\/05\/Law-and-justice.png","width":1920,"height":1080},{"@type":"BreadcrumbList","@id":"https:\/\/www.iutcolmar.uha.fr\/index.php\/formations\/diplomes\/d-u-conciliation-arbitrage-et-expertise-judiciaire\/#breadcrumb","itemListElement":[{"@type":"ListItem","position":1,"name":"Accueil","item":"https:\/\/www.iutcolmar.uha.fr\/"},{"@type":"ListItem","position":2,"name":"Formations","item":"https:\/\/www.iutcolmar.uha.fr\/index.php\/formations\/"},{"@type":"ListItem","position":3,"name":"Dipl\u00f4mes","item":"https:\/\/www.iutcolmar.uha.fr\/index.php\/formations\/diplomes\/"},{"@type":"ListItem","position":4,"name":"D.U. Conciliation, arbitrage et expertise judiciaire"}]},{"@type":"WebSite","@id":"https:\/\/www.iutcolmar.uha.fr\/#website","url":"https:\/\/www.iutcolmar.uha.fr\/","name":"IUT de Colmar","description":"Universit\u00e9 de Haute-Alsace","potentialAction":[{"@type":"SearchAction","target":{"@type":"EntryPoint","urlTemplate":"https:\/\/www.iutcolmar.uha.fr\/?s={search_term_string}"},"query-input":{"@type":"PropertyValueSpecification","valueRequired":true,"valueName":"search_term_string"}}],"inLanguage":"fr-FR"}]}},"_links":{"self":[{"href":"https:\/\/www.iutcolmar.uha.fr\/index.php\/wp-json\/wp\/v2\/pages\/8947","targetHints":{"allow":["GET"]}}],"collection":[{"href":"https:\/\/www.iutcolmar.uha.fr\/index.php\/wp-json\/wp\/v2\/pages"}],"about":[{"href":"https:\/\/www.iutcolmar.uha.fr\/index.php\/wp-json\/wp\/v2\/types\/page"}],"author":[{"embeddable":true,"href":"https:\/\/www.iutcolmar.uha.fr\/index.php\/wp-json\/wp\/v2\/users\/24"}],"replies":[{"embeddable":true,"href":"https:\/\/www.iutcolmar.uha.fr\/index.php\/wp-json\/wp\/v2\/comments?post=8947"}],"version-history":[{"count":21,"href":"https:\/\/www.iutcolmar.uha.fr\/index.php\/wp-json\/wp\/v2\/pages\/8947\/revisions"}],"predecessor-version":[{"id":8995,"href":"https:\/\/www.iutcolmar.uha.fr\/index.php\/wp-json\/wp\/v2\/pages\/8947\/revisions\/8995"}],"up":[{"embeddable":true,"href":"https:\/\/www.iutcolmar.uha.fr\/index.php\/wp-json\/wp\/v2\/pages\/66"}],"wp:featuredmedia":[{"embeddable":true,"href":"https:\/\/www.iutcolmar.uha.fr\/index.php\/wp-json\/wp\/v2\/media\/8964"}],"wp:attachment":[{"href":"https:\/\/www.iutcolmar.uha.fr\/index.php\/wp-json\/wp\/v2\/media?parent=8947"}],"curies":[{"name":"wp","href":"https:\/\/api.w.org\/{rel}","templated":true}]}}